t is the tens digit of 684163568?
6
What is the hundred thousands digit of 58827553?
8
What is the units digit of 30883326?
6
What is the millions digit of 814627746?
4
What is the hundred thousands digit of 775790010?
7
What is the units digit of 283911705?
5
What is the hundred thousands digit of 4398362360?
3
What is the hundreds digit of 85809553?
5
What is the ten millions digit of 1119245968?
1
What is the hundred thousands digit of 909193250?
1
What is the hundreds digit of 16487741?
7
What is the ten thousands digit of 746915599?
1
What is the ten thousands digit of 3940548766?
4
What is the hundreds digit of 138154948?
9
What is the ten millions digit of 544024694?
4
What is the hundred millions digit of 1504077834?
5
What is the ten millions digit of 29365539?
2
What is the thousands digit of 313054049?
4
What is the thousands digit of 113229075?
9
What is the tens digit of 159542599?
9
What is the ten millions digit of 1113577108?
1
What is the ten millions digit of 6721217930?
2
What is the hundred thousands digit of 4305527192?
5
What is the hundred thousands digit of 73729614?
7
What is the millions digit of 384497393?
4
What is the millions digit of 63949200?
3
What is the hundreds digit of 252006845?
8
What is the millions digit of 1164276635?
4
What is the hundreds digit of 93914583?
5
What is the hundred millions digit of 265639274?
2
What is the ten millions digit of 2523473149?
2
What is the hundreds digit of 860197440?
4
What is the millions digit of 1692611?
1
What is the hundreds digit of 152710620?
6
What is the ten thousands digit of 1835872395?
7
What is the hundred thousands digit of 3196465?
1
What is the millions digit of 973920457?
3
What is the hundred thousands digit of 1571073159?
0
What is the units digit of 288210987?
7
What is the hundreds digit of 4551623836?
8
What is the tens digit of 89647966?
6
What is the ten thousands digit of 138660561?
6
What is the units digit of 244649974?
4
What is the billions digit of 1659671340?
1
What is the hundreds digit of 3933936?
9
What is the tens digit of 5049077?
7
What is the hundreds digit of 142258324?
3
What is the hundred thousands digit of 157366450?
3
What is the tens digit of 402546?
4
What is the ten millions digit of 44066491?
4
What is the hundreds digit of 1378787265?
2
What is the hundreds digit of 4682541?
5
What is the tens digit of 30140387?
8
What is the units digit of 12672122?
2
What is the hundreds digit of 35125205?
2
What is the thousands digit of 2199078730?
8
What is the ten thousands digit of 98830556?
3
What is the hundred thousands digit of 35316535?
3
What is the hundred millions digit of 211029718?
2
What is the hundreds digit of 68862875?
8
What is the units digit of 107972838?
8
What is the ten millions digit of 5056479970?
5
What is the thousands digit of 2126472078?
2
What is the hundreds digit of 10862001?
0
What is the hundreds digit of 27056718?
7
What is the hundred millions digit of 3200390054?
2
What is the hundred thousands digit of 52055936?
0
What is the ten thousands digit of 6881227510?
2
What is the hundred millions digit of 1363628472?
3
What is the hundred thousands digit of 59241498?
2
What is the thousands digit of 2726351618?
1
What is the ten millions digit of 2975774770?
7
What is the ten thousands digit of 296011173?
1
What is the millions digit of 31259320?
1
What is the hundred thousands digit of 4279269263?
2
What is the units digit of 16090740?
0
What is the hundred thousands digit of 499011?
4
What is the tens digit of 92451132?
3
What is the ten thousands digit of 1058297587?
9
What is the thousands digit of 241891493?
1
What is the hundred thousands digit of 378442499?
4
What is the ten millions digit of 746321538?
4
What is the ten millions digit of 714024819?
1
What is the hundred thousands digit of 22662317?
6
What is the ten thousands digit of 15796880?
9
What is the hundred millions digit of 1444401802?
4
What is the thousands digit of 1577320063?
0
What is the ten thousands digit of 477180097?
8
What is the billions digit of 6118158020?
6
What is the hundred thousands digit of 18407430?
4
What is the ten thousands digit of 7902154952?
5
What is the hundred thousands digit of 1178229785?
2
What is the hundred millions digit of 982008281?
9
What is the units digit of 31925244?
4
What is the ten thousands digit of 9488547689?
4
What is the thousands digit of 124138405?
8
What is the thousands digit of 456305222?
5
What is the ten millions digit of 1872308355?
7
What is the ten millions digit of 7675751930?
7
What is the ten thousands digit of 17481816?
8
What is the tens digit of 70058082?
8
What is the thousands digit of 36289161?
9
What is the millions digit of 48099541?
8
What is the hundred millions digit of 145354629?
1
What is the ten millions digit of 1747348400?
4
What is the hundreds digit of 1791363145?
1
What is the hundred thousands digit of 5357395?
3
What is the ten millions digit of 77950123?
7
What is the tens digit of 4283545345?
4
What is the hundred millions digit of 335151239?
3
What is the ten thousands digit of 1849628236?
2
What is the ten millions digit of 36655751?
3
What is the hundred millions digit of 212188373?
2
What is the millions digit of 154031631?
4
What is the hundred millions digit of 651824119?
6
What is the hundred thousands digit of 212114073?
1
What is the ten millions digit of 46945133?
4
What is the hundreds digit of 4358064535?
5
What is the hundreds digit of 10578591?
5
What is the billions digit of 3609377081?
3
What is the hundreds digit of 28100273?
2
What is the hundred millions digit of 601764288?
6
What is the hundred thousands digit of 1114634821?
6
What is the hundred millions digit of 108596386?
1
What is the hundred thousands digit of 283330754?
3
What is the hundred thousands digit of 310512691?
5
What is the thousands digit of 350164242?
4
What is the ten thousands digit of 373352228?
5
What is the millions digit of 93933358?
3
What is the hundred thousands digit of 43716790?
7
What is the tens digit of 16838287?
8
What is the ten millions digit of 106758414?
0
What is the millions digit of 610456155?
0
What is the hundred millions digit of 2118348685?
1
What is the ten thousands digit of 72329417?
2
What is the millions digit of 88076302?
8
What is the tens digit of 76542499?
9
What is the hundred millions digit of 115943822?
1
What is the ten thousands digit of 70966886?
6
What is the ten thousands digit of 355268274?
6
What is the hundreds digit of 1049874596?
5
What is the ten thousands digit of 1374546320?
4
What is the hundreds digit of 699598?
5
What is the tens digit of 12494381?
8
What is the ten thousands digit of 54658864?
5
What is the thousands digit of 197245679?
5
What is the thousands digit of 49986858?
6
What is the hundreds digit of 806635676?
6
What is the ten millions digit of 14933328?
1
What is the tens digit of 14796718?
1
What is the ten thousands digit of 52226439?
2
What is the hundred thousands digit of 155767373?
7
What is the hundreds digit of 1122356410?
4
What is the millions digit of 27301107?
7
What is the tens digit of 309381485?
8
What is the ten thousands digit of 228991819?
9
What is the hundred millions digit of 859230665?
8
What is the units digit of 9602484?
4
What is the thousands digit of 1607358448?
8
What is the thousands digit of 1216023225?
3
What is the ten thousands digit of 398957439?
5
What is the hundreds digit of 5924432862?
8
What is the ten thousands digit of 35287316?
8
What is the hundred thousands digit of 14809053?
8
What is the ten millions digit of 1558884156?
5
What is the ten millions digit of 439343415?
3
What is the millions digit of 937380387?
7
What is the hundreds digit of 43754654?
6
What is the hundred thousands digit of 65492104?
4
What is the hundreds digit of 63313860?
8
What is the hundreds digit of 128176778?
7
What is the hundred thousands digit of 174122345?
1
What is the millions digit of 88284890?
8
What is the ten millions digit of 2077214449?
7
What is the millions digit of 131391295?
1
What is the hundred thousands digit of 376824144?
8
What is the hundreds digit of 653506687?
6
What is the hundreds digit of 5657710?
7
What is the hundred thousands digit of 37506720